- 12. Let o be w(13). Let i = 205 + o. Let a be (0/2 - -1)/(5/i). What is the highest common divisor of a and 23?
23
Suppose 0 = 110*p - 50287 - 16593. Let f(u) = u**3 + 6*u**2 - 10*u - 2. Let d be f(-7). What is the highest common factor of p and d?
19
Let j = 48 - 52. Let i be (280/(-6))/(-10)*(-54)/j. Let y = i - 46. Calculate the greatest common divisor of y and 17.
17
Suppose 4*p + 2*i - 3794 - 3058 = 0, 2*p + 5*i = 3418. Let u = -1399 + p. Suppose 0 = -2*b - 3*b + 175. Calculate the highest common divisor of b and u.
35
Let j(m) be the second derivative of -3*m + 3*m**2 + 1/3*m**4 + 0 + 2/3*m**3. Let w be j(-4). What is the greatest common factor of w and 18?
18
Let o be (-6)/(-12)*-4 - (56 - -1). Let l = -57 - o. Suppose w - l*t = 2*t + 1, 5*t + 17 = 3*w. Calculate the greatest common factor of w and 45.
9
Let d = 2 + 1. Let x be 2758/102 + (-18)/459. Calculate the greatest common divisor of x and d.
3
Let f(i) = i**2 - 15*i - 36. Let p be f(15). Let x be 8/(-28) - (-270)/14. Let w = x - p. What is the highest common divisor of 22 and w?
11
Let f(l) = 451 + 2*l**2 - 450 - 3*l**2 - l**3 + 2*l. Let u be f(0). Let w be (4 - 7 - u) + 35. Calculate the greatest common factor of 248 and w.
31
Let q(x) = 3*x - 19. Let y be q(35). What is the greatest common divisor of y and 2150?
86
Suppose 0 = l - 152 - 2. Suppose 665 - l = 7*r. What is the highest common factor of 365 and r?
73
Let d = -12738 - -12758. Calculate the greatest common factor of d and 1070.
10
Let i be ((-2)/8)/((-2)/348)*20/30. What is the highest common divisor of i and 61?
1
Suppose -607 + 547 = -3*w. Suppose -w*b - 10 = -25*b, -3*a = b - 317. Calculate the highest common divisor of 385 and a.
35
Let n = -34276 - -35852. What is the greatest common divisor of n and 1773?
197
Suppose -68*h = 108*h - 1408. Calculate the greatest common divisor of 2984 and h.
8
Let z(q) = q**2 + 5*q - 3. Let x be z(-4). Let h(p) = p**3 + 8*p**2 - 3*p - 22. Let n be h(x). What is the greatest common divisor of n and 624?
48
Suppose 0 = 14*o - 10*o - 4*r, -4*o = 2*r - 30. Suppose -o*b - t = -683, -2*b + t = 6*t - 287. Calculate the greatest common factor of 17 and b.
17
Suppose -33*u + 35*u - 16*u = -13020. What is the greatest common divisor of u and 510?
30
Let x(a) = 3*a - 13. Let m be x(6). Suppose 38 + 24 = -2*s + o, m*s - 4*o + 152 = 0. Let f = 47 + s. Calculate the highest common factor of 45 and f.
15
Suppose 0*r - 3*r = -3*y - 276, 5*r - 2*y - 469 = 0. Let j be (10 + r)/(3*2/4). Calculate the greatest common factor of 35 and j.
35
Suppose 93*k - 5600 = -3*k - 79*k. Let f be 12/(((-10)/24)/(-5)). What is the greatest common factor of f and k?
16
Let b = -88 - -262. Let d = b + -99. Calculate the highest common divisor of 10 and d.
5
Let v = 17816 + -17799. Let a be ((-34)/(-8))/((-1)/(-4)). Calculate the highest common factor of a and v.
17
Let z be 7314/207*(-2 - (-1)/(-2)*-181). Calculate the greatest common factor of z and 106.
53
Suppose 3*z + 2*w - 239 = 0, -w = -10 + 15. Let c = z + 268. Calculate the highest common divisor of 13 and c.
13
Suppose -4*r = r - 70. Let l be -48*130/(-15) - -6 - 5. Let s = 421 - l. What is the greatest common divisor of r and s?
2
Let c(t) = 3*t**3 - 34*t**2 + 44*t - 29. Let u be c(10). Let o(k) = k**3 + 10*k**2 - 4. Let f be o(-5). Calculate the greatest common divisor of u and f.
11
Let r(p) = 270*p + 10. Suppose 7*j + t - 4 = 4*j, -5*t = -5*j. Let v be r(j). What is the greatest common factor of 35 and v?
35
Let z(k) be the third derivative of 11/24*k**4 + 0 - 13/6*k**3 + 7*k**2 - 1/60*k**5 + 0*k. Let t be z(6). What is the highest common divisor of 102 and t?
17
Let l = 957 - 1015. Let b be (88/(-11) - -9)/((-2)/l). Suppose -468 = -4*t - 4. Calculate the greatest common factor of b and t.
29
Let j = -3848 + 4721. Calculate the greatest common factor of 63 and j.
9
Let v = -94280 - -94310. Let n(i) = -i**2 + i + 18. Let y be n(0). Calculate the highest common factor of y and v.
6
Let f be (-84)/(-9)*(-45)/(-10). Let x be ((-7)/(f/4))/(1/(-18)). Calculate the highest common divisor of 30 and x.
6
Let g(z) = -21*z - 55. Let r be g(-7). Let w = r - -10. What is the greatest common divisor of w and 18?
6
Let p(m) = 374*m - 1295. Let g be p(42). Calculate the greatest common divisor of 609 and g.
203
Suppose 3*f - 173 = g, 4*g + 498 = 7*f + 76. Suppose 0 = 3*p - 0*p - 864. What is the highest common divisor of p and f?
18
Let d be 3/(-2)*(915/45 - 11)*-8. Calculate the highest common factor of d and 2674.
14
Suppose 2*d + 1 - 5 = 0, -u + 4*d - 9 = 0. Let i be (64/(-20))/((-2)/(-80)). Let q be (i - (u + -1))*1/(-2). Calculate the highest common divisor of 9 and q.
9
Let g be -1 + -1 + 7*1. Suppose 3*t + 4*h - 6 = 28, 10 = -g*h. Let u = 66289 + -66233. What is the greatest common divisor of t and u?
14
Let u be (-649)/99 + 7 + 4604/9. Suppose 7*m = 11*m - u. Calculate the highest common factor of m and 8.
8
Let b be (102 - 0) + (-27)/6 + 12/(-8). Calculate the highest common factor of 25872 and b.
48
Suppose 0 = 113*k + 197*k - 7186730. What is the greatest common divisor of 478 and k?
239
Let o(c) = -39*c + 4 - 4 - 3 + 2. Let t be o(-2). What is the highest common factor of t and 22?
11
Let n(q) = -6*q - 121. Let o be n(-19). Let p be (-213)/o + ((-30)/21 - -1). What is the greatest common divisor of p and 12?
6
Suppose 229*d - 233*d + 3148 = 0. Let c = 789 - d. What is the greatest common divisor of 100 and c?
2
Let b = -8227 - -8608. Calculate the highest common factor of 33 and b.
3
Suppose 251*t - 68068 = -35*t. Calculate the highest common factor of t and 9.
1
Let z = 11 - -5. Suppose -t + 5*x - 3 = 0, 4*t - 48 + 60 = 3*x. Let c = z + t. What is the highest common divisor of c and 52?
13
Let a be ((-2)/(-5))/(9/360). Let j(h) = h**3 - 17*h**2 + 2*h - 6. Let v be j(a). Let r be v/(-40) + 1 + (-3)/4. What is the highest common factor of r and 2?
2
Let d(f) = f**3 + 41*f**2 - 4*f - 108. Let m be d(-41). What is the highest common divisor of 392 and m?
56
Let d(u) = u**2 - 476*u + 462. Let z be d(0). Suppose 0 = x + 2*n + 48, -5*n = -6*x + x - 210. Let h = x + 86. What is the highest common factor of h and z?
42
Let p(t) = 12*t**3 + 4*t**2 - t - 5. Suppose 2*q + 2*s = -2*s - 4, 0 = -2*q + s + 6. Let a be p(q). What is the highest common factor of 140 and a?
35
Suppose -5*z - 6*p + 2*p = -1823, 0 = -5*z - 3*p + 1821. Calculate the highest common factor of z and 44.
11
Let v be (-8130)/(-24) - (-111)/(-148). Calculate the greatest common factor of 871 and v.
13
Suppose -4*f + 10973 = -m, 10306 + 652 = 4*f + 2*m. What is the highest common divisor of f and 24?
6
Suppose 0 = 4*o - 117 + 89. Let h(r) = -r**2 + 13*r - 6. Let k be h(o). Calculate the greatest common factor of k and 36.
36
Suppose -3*o - 1119 = -5*g, 669 = -2*g + 5*g - 3*o. Let m = -23 + 16. Let n(i) = -8*i - 31. Let d be n(m). What is the greatest common divisor of d and g?
25
Let l be (1 - 18)/(-2 + 1). Let i(c) = 8*c - 5. Suppose 4*s - 36 = -2*f, -13 = -4*f + 3. Let j be i(s). What is the greatest common divisor of j and l?
17
Suppose 0*c = -2*c - 3*s + 58, 5*c - 4*s - 122 = 0. Let p = -29931 + 30061. What is the highest common factor of p and c?
26
Let i(r) = 371*r - 4154. Let n be i(16). What is the greatest common factor of 143 and n?
11
Let g(y) = y**3 + 16*y**2 + 3*y - 18. Let o be g(-17). Let r be (1 + o/(-2))/((-11)/(-22)). Calculate the greatest common factor of r and 135.
45
Let v be (-56)/(-18) + 48/(-432). What is the highest common factor of v and 123?
3
Let z be (-20)/50 - 604/(-10). Suppose 0 = 4*o + 5*h - h - z, -5*o - 4*h = -72. Calculate the greatest common divisor of o and 348.
12
Let u(c) = 3*c**3 - 18*c**2 - 47*c + 262. Let s be u(11). What is the highest common factor of 108 and s?
12
Let i = 8 - -8. Suppose -2*y - 15 = d, -3*d + 0*y - 2*y = 41. Let k = 21 + d. What is the greatest common divisor of k and i?
8
Suppose 9 = -5*v - 3*w, 4*v - 4*w = -2*w + 6. Let i be 1 + -3 - (-36 + v). What is the highest common factor of i and 136?
34
Let i be 130*((-21)/(735/56) - (-13 - -11)). Let t = 43 + 61. What is the highest common divisor of i and t?
52
Let u be 6 - 2/((-2)/12*-4). Suppose -4*x + 25 = h, 27 = h + 6*x - u*x. Calculate the greatest common divisor of h and 15.
3
Le